mine f(-9).
-56
Let w(q) = 2*q**3 - 714*q**2 + 14114*q - 45. Determine w(21).
-3
Let j(t) = -678*t - 16976. Determine j(-20).
-3416
Let u(i) = -9355*i - 74876. Calculate u(-8).
-36
Let v(k) = 7*k**3 - 376*k**2 - 115*k + 379. What is v(54)?
1
Let y(x) = 557*x**2 + 2156*x + 9. Give y(-4).
297
Let m(y) = 2*y**3 - 100*y**2 - 4162*y + 261. Give m(77).
-47
Let y(x) = -473*x**2 - 8869*x - 6385. What is y(-18)?
5
Let n(s) = 2*s**3 - 133*s**2 - 39*s - 981. Give n(67).
895
Let q(d) = -5*d**2 + 3190*d + 2463390. Calculate q(1090).
-10
Let q(s) = -6124*s - 61225. Determine q(-10).
15
Let w(x) = 1432*x**2 - 7133*x - 28. What is w(5)?
107
Let d(b) = -348*b - 431. Give d(-1).
-83
Let y(z) = 5*z**2 - 381*z - 381. Determine y(-1).
5
Let q(t) = 173*t**2 + 1450*t + 15. Determine q(-7).
-1658
Let a(y) = -2*y**3 + 1971*y**2 + 6698339*y + 2393. Calculate a(2388).
5
Let q(k) = 61*k**3 - 622*k**2 + 80*k - 830. Give q(10).
-1230
Let z(b) = -362347*b - 1811717. Determine z(-5).
18
Let j(y) = -1936*y**2 + 1816*y - 1815. Determine j(1).
-1935
Let d(i) = -i**2 + 3578*i + 470503. Give d(-127).
-32
Let l(y) = -y**2 + 4921*y - 161223. What is l(33)?
81
Let n(j) = 1601*j + 11994. Give n(-8).
-814
Let p(h) = 3366*h + 851651. Give p(-253).
53
Let y(c) = 1811929*c - 25367009. What is y(14)?
-3
Let o(v) = -700*v**2 + 300300*v - 23. What is o(429)?
-23
Let b(j) = 7*j**3 + 29*j**2 + 10810*j + 21565. Calculate b(-2).
5
Let s(j) = -628*j + 20751. What is s(33)?
27
Let j(w) = -19*w**2 - 573*w + 566. Determine j(1).
-26
Let r(v) = -4*v**3 + 32*v**2 - 26*v + 87. Determine r(8).
-121
Let p(l) = 4*l**2 + 86*l + 819. Calculate p(-10).
359
Let n(m) = 19*m**3 - 757*m**2 + 1318*m + 71. Give n(38).
-385
Let h(l) = -24420*l - 73248. Give h(-3).
12
Let q(r) = 6*r**3 - 413*r**2 + 408*r - 4623. Determine q(68).
1
Let b(x) = -6755*x**2 + 33784*x - 13. Give b(5).
32
Let p(f) = 30681*f + 2577182. What is p(-84)?
-22
Let f(d) = 8*d**2 - 86*d - 2332. Calculate f(24).
212
Let f(w) = -433*w**2 - 2089*w - 68. Give f(-5).
-448
Let t(b) = -b**2 + 92*b - 1944. Calculate t(60).
-24
Let k(r) = 13*r**3 + 130*r**2 + 57*r + 650. What is k(-10)?
80
Let t(h) = -6221*h**2 + 43547*h - 5. Determine t(7).
-5
Let i(f) = -f**3 - 112*f**2 + 3553*f - 4794. What is i(-138)?
36
Let w(y) = -542*y + 4052. What is w(10)?
-1368
Let o(d) = -2*d**3 + 278*d**2 - 35*d + 4916. What is o(139)?
51
Let r(p) = p**3 + 54*p**2 + 118*p + 738. Give r(-52).
10
Let a(r) = 490*r - 247. Calculate a(1).
243
Let j(z) = -28860*z - 23. Determine j(0).
-23
Let g(j) = 6*j**3 + 43*j**2 + 359*j + 3450. What is g(-10)?
-1840
Let d(o) = o**2 + 232*o + 9215. Calculate d(-51).
-16
Let y(x) = 16221*x + 16208. Give y(-1).
-13
Let m(a) = -81*a**2 - 3102*a - 21344. Calculate m(-9).
13
Let m(u) = u**2 + 11*u + 12. Give m(-8).
-12
Let o(a) = -a**3 - 241*a**2 - 14309*a - 6337. Determine o(-104).
7
Let q(z) = 8*z**3 - 122*z**2 + 118*z - 1322. Determine q(15).
-2
Let n(c) = 9999*c - 259980. Determine n(26).
-6
Let y(j) = 264*j - 427. What is y(2)?
101
Let h(v) = -v**3 + 11*v**2 + 332*v - 4247. What is h(13)?
-269
Let v(p) = 3*p**3 - 54*p**2 + 41*p + 163. What is v(17)?
-7
Let h(c) = -8*c**3 + 4786*c**2 - 1224*c + 16772. Give h(598).
28
Let h(w) = 21542*w + 30. Determine h(0).
30
Let o(j) = 8410*j**2 - 857823*j + 311. What is o(102)?
5
Let k(v) = -73*v**2 - 20432*v + 2247. Give k(-280).
7
Let j(a) = -a**3 - 29*a**2 - 737*a - 43965. Give j(-39).
-12
Let j(w) = 61356*w + 368142. What is j(-6)?
6
Let d(h) = 438*h - 19281. What is d(44)?
-9
Let k(t) = 2*t**2 - 158*t - 1489. What is k(87)?
-97
Let j(t) = -6*t**3 + 291*t**2 + 173*t - 1279. Calculate j(49).
-5
Let c(h) = h**3 - 180*h**2 + 390*h - 6016. What is c(178)?
36
Let c(d) = -d**2 - 100*d - 155. Calculate c(-14).
1049
Let w(c) = -2*c**2 + 5209*c + 126169. Calculate w(-24).
1
Let v(t) = 24*t**2 - 362*t + 393. Calculate v(14).
29
Let h(a) = a**3 - 236*a**2 + 9173*a - 527. What is h(49)?
-37
Let g(q) = -26773*q - 214187. What is g(-8)?
-3
Let n(x) = x**2 - 48*x + 152. Give n(42).
-100
Let y(s) = s**2 + 8*s + 85. Give y(-16).
213
Let f(o) = o**3 + 11*o**2 - 104*o - 739. Determine f(-10).
401
Let x(m) = -23*m**2 + 5*m + 50. Calculate x(-4).
-338
Let l(j) = -j**3 - 607*j**2 - 15660*j + 15. Calculate l(-27).
15
Let j(w) = -10*w**3 - 70*w**2 + 81*w + 595. What is j(-7)?
28
Let b(g) = -130173*g + 2733648. What is b(21)?
15
Let o(y) = y**2 - 213271*y - 1066350. Calculate o(-5).
30
Let k(m) = 15*m - 5575. Determine k(340).
-475
Let y(t) = -2102*t - 723112. What is y(-344)?
-24
Let l(m) = -46*m**2 - 1873*m - 1872. What is l(-1)?
-45
Let x(q) = -91*q**2 + 2264*q + 205. Determine x(25).
-70
Let n(t) = 3*t**3 + 171*t**2 - 179*t - 100. Calculate n(-58).
190
Let m(d) = 2359*d - 20835. Give m(9).
396
Let n(a) = -4*a**2 - 353*a - 2716. Calculate n(-77).
749
Let a(l) = -1531*l - 55088. Calculate a(-36).
28
Let a(p) = 7*p**3 - 35*p**2 - 183*p - 82. Give a(-3).
-37
Let t(j) = -369*j + 101. Give t(0).
101
Let u(o) = -o**3 - 25*o**2 + 10*o + 118. Calculate u(-2).
6
Let r(p) = -p**3 - 48*p**2 - 378*p + 86. What is r(-14)?
-1286
Let h(j) = j**3 + 26*j**2 + 44*j - 495. Determine h(-25).
-970
Let n(j) = -325*j**2 - 8170*j - 1121. Determine n(-25).
4
Let t(f) = -475*f + 30674. What is t(63)?
749
Let a(r) = -891*r - 182651. What is a(-205)?
4
Let h(k) = k**2 - 1923*k - 90579. Calculate h(-46).
-5
Let t(f) = -2*f**3 - 343*f**2 - 482*f + 4765. What is t(-170)?
5
Let m(u) = u**3 + 21*u**2 + 75*u - 272. Calculate m(-18).
-650
Let w(l) = 168*l**2 - 219*l - 49. Calculate w(-6).
7313
Let b(f) = -f**3 - 50*f**2 + 56*f + 1449. What is b(-50)?
-1351
Let g(k) = -7*k**3 - 66*k**2 + 418*k + 3981. Give g(-9).
-24
Let o(l) = -4*l**2 - 4748*l - 28473. Calculate o(-6).
-129
Let n(m) = -141*m - 4227. Give n(-31).
144
Let r(d) = 4*d**3 - 89*d**2 - 50*d - 239. Determine r(23).
198
Let o(s) = -s**3 - 4*s**2 + 8722*s + 43594. What is o(-5)?
9
Let y(j) = -j**3 + 1259*j**2 + 8822*j - 275. Give y(-7).
5
Let r(j) = 125*j**2 + 119495*j - 4772. Calculate r(-956).
8
Let n(d) = -61*d - 1315. Calculate n(0).
-1315
Let m(j) = -j**3 + 22*j**2 - 129*j + 619. Give m(16).
91
Let u(f) = -5*f**2 - 266*f - 173. Determine u(-50).
627
Let j(i) = i**3 + 15*i**2 + 21*i - 41. What is j(-12)?
139
Let l(s) = -523*s + 112263. Give l(214).
341
Let x(z) = -773*z**2 + 33417*z - 7653. What is x(43)?
1
Let t(s) = -370*s**2 + 67340*s + 14. What is t(182)?
14
Let z(c) = -c**3 + 82*c**2 - 593*c + 225. Calculate z(74).
151
Let q(d) = -180002*d - 7560094. Calculate q(-42).
-10
Let b(q) = 3491*q - 411941. What is b(118)?
-3
Let d(l) = -133791*l + 133806. Determine d(1).
15
Let n(f) = -2*f**3 + 115*f**2 + 343*f - 49. Calculate n(-3).
11
Let d(z) = 6*z**3 + 365*z**2 - 50*z - 293. Calculate d(-61).
-964
Let m(j) = 6744*j + 7519570. Calculate m(-1115).
10
Let q(i) = 6*i**3 - 1204*i**2 - 1632*i + 3219. What is q(202)?
-13
Let a(i) = 2*i**3 - 161*i**2 - 227*i - 1394. Determine a(82).
164
Let y(z) = -6*z**3 + 59*z**2 + 250*z - 55. Give y(13).
-16
Let k(o) = -11*o**3 - 406*o**2 - 9*o + 51. What is k(-37)?
1753
Let l(a) = -a**2 - 45575*a + 683799. Calculate l(15).
-51
Let k(z) = 7*z**2 + 121*z + 32. Determine k(0).
32
Let z(u) = u**3 + 4*u**2 - 1255*u + 11222. What is z(10)?
72
Let u(n) = 10698*n + 1016445. What is u(-95)?
135
Let g(d) = 3*d**3 - 36*d**2 + 22197*d - 311929. Give g(14).
5
Let z(o) = -2*o**3 + 79*o**2 + 22*o - 351. Give z(39).
2028
Let a(u) = u**2 + 145*u + 1783. Calculate a(-10).
433
Let k(i) = 2*i**3 - 18*i**2 - 45*i + 8. Give k(-5).
-467
Let s(g) = -4*g**3 - 71*g**2 - 22*g - 26. Determine s(-18).
694
Let p(i) = -169*i + 1949. Calculate p(11).
90
Let v(o) = 9481*o + 843804. Give v(-89).
-5
Let p(m) = m**3 - 84*m**2 + 84*m + 200. Calculate p(83).
283
Let g(v) = 2*v**3 - 285*v**2 + 3013*v + 375. Calculate g(131).
375
Let x(r) = 6*r**3 + 3*r**2 - 106*r + 431. Determine x(9).
4094
Let h(x) = -4*x**2 + 13221*x + 66205. Determine h(-5).
0
Let d(g) = -7721*g - 1088644. Determine d(-141).
17
Let a(s) = s**3 + 494*s**2 + 26786*s + 128. What is a(-62)?
4
Let v(d) = -1080*d - 228917. Determine v(-212).
43
Let d(x) = 658*x + 54447. Determine d(-74).
5755
Let h(u) = u**3 - 164*u**2 + 947*u - 309. Determine h(158).
-467
Let g(c) = -1428*c - 8188. Calculate g(-6).
380
Let o(p) = p**2 - 116549*p + 6057846.